e tens digit of k?
0
Let x(f) = f + 3. Let j(u) = u + 5. Let c(y) = -5*j(y) + 8*x(y). What is the tens digit of c(5)?
1
Let x(w) = 2*w**3 + 6*w**2 - 7*w - 11. What is the units digit of x(-3)?
0
Let b(y) = -y. Let p(u) = -u**3 - 4*u**2 + 8*u - 2. Let d(m) = -3*b(m) - p(m). Let c be d(-5). Let q = 6 - c. What is the units digit of q?
4
Let g = 1 + 1. Suppose 4*a - v + 4 = 5*a, 0 = -g*a + 5*v + 8. Suppose a*o - 25 = -1. What is the units digit of o?
6
Let o = 99 - 35. What is the units digit of o?
4
Suppose -3*f + 170 = -a, 169 = 2*f + f - 2*a. What is the tens digit of f?
5
Suppose -4*m + 7 = -l, 2*m + 4*l - 29 = -m. What is the units digit of (-8)/m*(-9)/4?
6
Let b be 10 - (0/(-2) + 2). Suppose -2 + b = j. Let d = j + -3. What is the units digit of d?
3
Let y = -93 + 159. Suppose -2 = x, b - 5*x = 5*b - y. What is the tens digit of b?
1
Suppose -2 = -2*j + 2. Suppose 225 = 3*n + j*n. What is the tens digit of n?
4
Let l(m) = m**3 - 7*m**2 - 3*m - 6. Let i be l(5). Let p = 113 + i. What is the units digit of p?
2
Let r = 54 + -1. Let l = r - 32. What is the tens digit of l?
2
Let l(a) = -42*a**3 + 8*a**2 + 5*a - 6. Let w(k) = -43*k**3 + 7*k**2 + 4*k - 5. Let z(o) = 5*l(o) - 6*w(o). What is the units digit of z(1)?
7
Suppose 0*n = 3*n. Let r be (-2)/(-2) + 1 + n. What is the units digit of r/5*(-60)/(-3)?
8
Let t be 4/6*(-9)/6. Let i(l) = 2*l + 2. Let p be i(-5). Let a = t - p. What is the units digit of a?
7
Suppose 0 = t - 3*b - 69, -4*b + b = -6. What is the units digit of t?
5
Let d = -6 + -2. Let n = 70 + -47. Let j = n + d. What is the units digit of j?
5
Let x(h) = -2*h**3 - 2*h**2 - 3*h - 3. Let a(l) = l**2 + 6*l - 3. Let n be a(-6). What is the tens digit of x(n)?
4
Suppose -502 = -4*n + 2*t, 2*n + 261 = 4*n + t. Suppose n = 5*j + 28. What is the tens digit of j?
2
Let f(n) = n**2 + 1. Let p = 6 - 4. Let v be f(p). Suppose u + 0*u = v. What is the units digit of u?
5
Let l(s) = s - 7. Let h be l(5). What is the units digit of (-5)/h - (-2)/(-4)?
2
Suppose -p = 8 - 3. Let u(v) = v**2 + 6*v + 7. Let t be u(p). Suppose -2*i - 2*s = 2*s - 12, s = t*i - 17. What is the units digit of i?
8
Let f = 13 - 23. Let r be (f/(-8))/((-1)/(-4)). Let y = -4 + r. What is the units digit of y?
1
Suppose 0 = 3*v + 12 + 18. Let k be (v/(-3))/((-2)/(-3)). Suppose z - k = -4*z. What is the units digit of z?
1
Suppose 3*f - 46 = -0*f + 2*x, -52 = -4*f + 5*x. What is the tens digit of f?
1
Let z be 2/((-2)/(-5))*1. Suppose -4*u + 8 = 0, z*b = u + 22 + 66. What is the units digit of b?
8
Let f(o) = -2*o**3 - 7*o**2 - 3*o - 3. What is the tens digit of f(-6)?
9
Suppose 39 = -3*r + 234. Suppose -3*h + r - 23 = 0. What is the tens digit of h?
1
Let i = -5 - -4. Let d = -3 - -4. Let y = d - i. What is the units digit of y?
2
Suppose -4 = -2*o + 20. Suppose 8 = -11*q + o*q. What is the units digit of q?
8
Let y = 8 - -13. What is the units digit of y?
1
Let p = 5 + -5. Suppose 3*k = 3*j + 6, 19 = 5*k - p*k + 4*j. Suppose 4*r - 3 = k*r. What is the units digit of r?
3
Suppose 2*l + 7 - 73 = 0. What is the tens digit of l?
3
Let x be 8/36 - 97/(-9). Suppose 31 = 3*k + 3*w + 2*w, -2*k + 3*w - x = 0. What is the units digit of k?
2
Suppose -2*p = -4*t + 3*t - 104, 270 = 5*p - 5*t. Suppose -p = -4*g + 42. What is the units digit of g?
3
Let j be (-4)/6 - 53/(-3). Suppose 0*x = x + j. Let m = x + 27. What is the units digit of m?
0
Let h be 2 + (-4)/((-8)/(-10)). What is the tens digit of 14 - (-6)/((-9)/h)?
1
Suppose s - 6 = 22. What is the tens digit of s?
2
What is the tens digit of (75/6 + 3)*(0 - -2)?
3
Let i(g) = -172*g - 3. What is the hundreds digit of i(-1)?
1
Let u = 2 + 5. What is the units digit of u?
7
Let m be (-3)/(-1*(2 - 1)). Suppose -4*k + 20 = 0, 2*a - m*a = -3*k + 11. Suppose -2*f - 2*c + c + 19 = 0, -f = a*c + 1. What is the units digit of f?
1
Let w(p) = 3*p**2 + p - 3. Suppose 6 = -3*u - r, -4*u - r + 3 = 4*r. What is the units digit of w(u)?
1
Suppose 2*t + 0 - 40 = 0. What is the units digit of t?
0
Suppose w - 4 = 20. What is the tens digit of w?
2
Let o(r) = 3*r**2 + 6*r + 4. What is the hundreds digit of o(7)?
1
Suppose 33 = -0*r + 3*r. What is the units digit of r/(2 - 6/4)?
2
Suppose -17*u + 14*u = -6. What is the units digit of u?
2
Suppose -2*v + 5*y + 40 = 2*v, y = 4. Let p = 29 - v. What is the units digit of p?
4
Suppose -2*s + 20 = 4*d, 4*d - 3 = -s + 3. Suppose -s = -5*x + 31. What is the units digit of x?
9
Suppose 0 = 4*a - a + 3, -2*u + 1 = -a. Suppose 5*n + 8 = -u*n + 3*o, 3*n - 3*o = -6. What is the units digit of n/(-2)*-2 + 17?
6
Suppose 5*w + 56 - 251 = 0. What is the units digit of w?
9
Let g = 0 - -1. Let m = -9 + 8. Let s = g - m. What is the units digit of s?
2
Let c(r) = 7*r**3 + 11*r**2 + r - 11. Let h(s) = -s**3 - s**2 - s + 1. Let k(n) = -c(n) - 6*h(n). What is the units digit of k(-6)?
1
Let a(h) = -h**3 + 6*h**2 + h - 4. Let o be a(6). Suppose 4*q - 8 = 0, -4*r + r = -o*q - 8. Let d(x) = x**2 - 2*x. What is the units digit of d(r)?
8
What is the tens digit of (-745)/(-4 + -1) + -2?
4
Suppose 0 = 2*a - 3*a. Suppose a = 5*x - 36 - 54. What is the units digit of x?
8
Suppose 4*u + 3*t = 47, 49 = 3*u + u + 5*t. Let q = 16 - u. Suppose 5*g - 16 - 14 = -5*p, -34 = -q*p - g. What is the units digit of p?
7
Let k(w) = -w + 3. Let c(v) = -5*v + 15. Let g(f) = 2*c(f) - 11*k(f). Let n be g(6). Suppose 0 = n*m - 4 - 5. What is the units digit of m?
3
Suppose 1 = -2*d + 3. Suppose 0 = -0*f + f - 4*z + d, -5 = -5*z. What is the units digit of f?
3
Suppose 0 - 4 = -2*r. What is the units digit of r/(-4) - 58/(-4)?
4
Let f(d) = -3*d**3 + 25*d**2 + 3*d - 10. Let u(c) = 2*c**3 - 17*c**2 - 2*c + 7. Let r(v) = 5*f(v) + 7*u(v). What is the units digit of r(6)?
5
Let r(g) = g - 3. What is the tens digit of r(15)?
1
Suppose -z + 18 = -p - p, z = p + 13. Suppose -5*s - 23 = -z*g + 4*g, -2*g + 15 = s. What is the units digit of g?
7
Suppose -2*b + 7*b - 380 = 0. What is the tens digit of b?
7
Let h(s) be the second derivative of s**3/6 + 5*s**2/2 + 2*s. Let u be h(5). Suppose 0 = 3*q + 15, -f - f - u = 4*q. What is the units digit of f?
5
Let i(x) = -x**3 + 4*x**2 - 5*x + 3. Let w be i(3). Let y be (-9)/6 - w/2. Let h = 2 - y. What is the units digit of h?
2
Let g be (-5 - -1) + (0 - -1). Let r(a) = a**2 + 0*a**2 - 4 + 3*a + 2*a**2. What is the tens digit of r(g)?
1
Let b be (1 - 0) + 0 + 39. Let m be 6 + ((-75)/30 - (-2)/(-4)). Suppose -m*h - j + 70 = 0, b = 2*h - 3*j + 2*j. What is the units digit of h?
2
Let c(n) = -4*n**3 + n**3 - n**2 + 4*n**3 - n - 1. Let z(m) = -m**2 + 6*m + 2. Let h be z(6). What is the units digit of c(h)?
1
Let l(k) = 2*k**3 - 6 + 9 - 4*k + 3 - 5*k**2. What is the units digit of l(4)?
8
Let r(k) = 2*k**2 - 5*k - 10. Let d be r(-6). Suppose 7*v = d + 55. What is the units digit of v?
1
What is the units digit of (18 - 3) + 3 + -2?
6
Let u be (869/22)/((-1)/(-2)). Suppose -u = -3*m - 22. What is the tens digit of m?
1
Suppose 0 = r - 2*r - 3*d - 19, 0 = -r - 4*d - 22. Let g(l) = -2*l - 1 - 6 - 8. What is the units digit of g(r)?
5
Let j be (-45)/10 + (-2)/(-4). Let m = 5 - j. What is the units digit of m?
9
Let a = -390 + 582. What is the hundreds digit of a?
1
What is the tens digit of 1/(3*(-4)/(-336))?
2
Let v be 2 - 1/2*0. Let r be (2 - -2)*6/8. Let g = r - v. What is the units digit of g?
1
Let h = 65 + -64. What is the units digit of h?
1
Suppose -92*f + 196 = -91*f. What is the hundreds digit of f?
1
Suppose 4*q - 26 = 2. What is the units digit of q?
7
Let c be -15*(3 + (-20)/6). Suppose -5*z = -c*w - 100, -5*z - 5*w + 118 = -w. What is the tens digit of z?
2
Suppose 3*t + 5 = -1. Let i(l) be the third derivative of l**5/20 - l**4/24 + l**3/6 + l**2. What is the units digit of i(t)?
5
Let a = 2 - -12. Suppose -5*b + 34 = a. Suppose 5*h + 5*j - 2 = 38, b*j = -h + 14. What is the units digit of h?
6
Suppose -17 = -y + 3*x, 2*x + 9 = -x. Let t = 32 - y. What is the units digit of t?
4
Suppose 0 = -4*q - 5*d - 80, -d = -2*q - 4*d - 40. Suppose 0*t = 5*t + 10. What is the units digit of ((-1)/(-2))/(t/q)?
5
Let p be 1 - (-2)/(0 + -2). Suppose p = d - 0*d - 19. Suppose -d = -3*b - 1. What is the units digit of b?
6
What is the units digit of 2*((-2)/7 + (-495)/(-42))?
3
Let z(y) be the first derivative of -10*y